4*u + 12836. What is the tens digit of d?
5
Let o(u) = 2182*u - 10948. What is the units digit of o(11)?
4
Suppose -79883 = -17*f - 25874. What is the thousands digit of f?
3
Let o = 41 - 184. Let z = o + 494. What is the tens digit of z?
5
Let s(p) be the first derivative of 165*p**2/2 + 224*p - 298. What is the tens digit of s(8)?
4
Let s(l) = 928*l + 899*l - 1880*l + 40 - 247. What is the thousands digit of s(-26)?
1
Let k = 102675 - 57231. What is the hundreds digit of k?
4
Let q = -54161 - -91283. What is the tens digit of q?
2
Suppose 6 = -q - 5*z, 3*z = q - z - 3. Let u be 19 + q + -3 + -5. Suppose -546 = -u*d + 154. What is the units digit of d?
0
Suppose 9*a - 7*a + 3*n - 16317 = 0, 2*n = a - 8155. What is the hundreds digit of a?
1
What is the thousands digit of 150/((57/26)/19)?
1
Let y = 122 + -119. Suppose 4*i + 5*l - 2201 = 0, -y*l = -i - 5*l + 551. What is the hundreds digit of i?
5
Let v(y) = -411*y - 3955. What is the units digit of v(-13)?
8
Let t be ((-112)/(-6))/4 - 2/3. Suppose 5*a - a = -t*i, 3*i = a + 4. What is the units digit of (-50)/(-3) + i - (-6)/18?
8
Suppose -10*t + 2*j + 4728 = -7*t, -2*j = -5*t + 7884. Let k = -280 + t. What is the hundreds digit of k?
2
Suppose 3*n + 7 = -2*j + 20, 4*j + n - 11 = 0. Suppose o + y = -2*y + 192, 0 = 2*o + j*y - 376. What is the units digit of o - (4/6)/(6/18)?
4
What is the ten thousands digit of 82584398/5083 - 6/34?
1
Suppose 5*p + 4*c = -430 + 2783, -1399 = -3*p + 4*c. Let j = 941 - p. What is the tens digit of j?
7
What is the units digit of 2 - (-53950)/30*3?
7
Suppose -a - 92 = 5*z, 0 = -5*z - 2*a - 2*a - 98. Let q = -13 - z. Suppose n - o - 76 = 0, -76 = -n - 0*n + q*o. What is the tens digit of n?
7
Suppose 5*k - 3376 = -3*g + 66883, 5*k - 70261 = -2*g. What is the thousands digit of k?
4
Suppose -74*d = -36*d - 269496. What is the thousands digit of d?
7
Suppose z + 95 = 99. Suppose 0*y + 392 = y + n, -790 = -2*y - z*n. What is the hundreds digit of y?
3
Let z = 615 - 333. Suppose -6*c = 301 + 851. Let o = c + z. What is the units digit of o?
0
Let p = 18163 - 7318. What is the hundreds digit of p?
8
Let y(p) = -3637*p + 1156. What is the tens digit of y(-3)?
6
Suppose 0 = -12*w + 14*w - 2378. What is the tens digit of (w/87)/(2/60)?
1
Let g = 61 + -62. Let s(w) = 12*w**2 - 2*w - 3. Let k be s(g). What is the tens digit of k/(-9) + (-2)/(-9) - -92?
9
Let q = 673 + 2093. What is the thousands digit of q?
2
Let b(x) = 32*x**3 + x**2 + 74*x - 454. What is the units digit of b(6)?
8
Let g(h) = -820*h + 201. Let t(c) = 410*c - 103. Let q(y) = 6*g(y) + 11*t(y). What is the tens digit of q(-3)?
0
Let h = 10029 - 6525. What is the tens digit of h?
0
Suppose 3*s - 250 = -994. Let g = 892 + s. What is the tens digit of g?
4
Let x = -354 - -362. What is the units digit of (x/14)/((99/(-9))/(-8701))?
2
Let w(m) = m**2 - 22*m + 162. Let d be w(34). Let f = d + -137. What is the tens digit of f?
3
Let x = 160 - 144. Let f be ((-6)/9)/(1/(-15)). Let w = x - f. What is the units digit of w?
6
Suppose i + 377 = 1122. Suppose 6*b - i = b. Suppose 2*z = -55 + b. What is the units digit of z?
7
Let y = 5165 - 2594. What is the thousands digit of y?
2
Let j(g) = -1753*g**2 - 1. Let o(b) = 2630*b**2 + 1. Let n(y) = -7*j(y) - 5*o(y). Let q be n(3). What is the units digit of q/(-88) + 1/8?
0
Let l = -261 + 116. Let i = l - -554. Suppose 26 + i = 3*m. What is the hundreds digit of m?
1
Suppose -53*z + 414782 = -26*z + 44*z. What is the units digit of z?
2
Let g(u) = 2*u**2 - 7*u + 45. What is the units digit of g(8)?
7
Let k(s) = 5776*s**2 + 10*s + 9. What is the units digit of k(-1)?
5
Suppose -14*h + 9 = -19. Suppose -525 = -5*u + h*u. What is the hundreds digit of u?
1
Let x = -67 + 3089. What is the hundreds digit of x?
0
Let s(g) = g**2 + 11*g - 1. Let d be s(0). What is the hundreds digit of 425 - (d - (-24)/(-6))?
4
Let b be ((-8)/10)/(1*(-4)/(-770)). Let v = b - -353. What is the units digit of v?
9
What is the hundreds digit of ((-8)/6*(-2079)/(-176))/((-6)/9472)?
8
Let i(h) = -3*h**3 + 72*h**2 - 12*h + 244. Let a(q) = -q**3 + 24*q**2 - 4*q + 81. Let p(u) = -7*a(u) + 2*i(u). What is the tens digit of p(24)?
1
Let u be (80/(-4))/(2/(-4)). What is the units digit of (96/u)/(3*(-10)/(-12225))?
8
Let m = -9947 - -28494. What is the ten thousands digit of m?
1
Suppose 55*s + 2*s + 14364 = 0. Let f(b) = -357*b**2 + 1. Let y be f(-1). Let r = s - y. What is the hundreds digit of r?
1
Let g be 9 + 7/(7/(-4)). Suppose 2*n - c = -g*c + 28, n + 4*c = 4. Suppose -n*s = -23*s - 104. What is the tens digit of s?
0
Suppose -2*b - 4*m + 5*m + 836 = 0, b - 5*m = 400. Suppose 2*g - 600 = 4*z + b, -3*g - 2*z = -1506. What is the tens digit of g?
0
Let m(b) = 1576*b - 617. What is the hundreds digit of m(2)?
5
Let c = -1396 + 6232. What is the tens digit of c?
3
Suppose -3*l - 5 = 3*f + 4, 3*l = 2*f + 16. Suppose -l*a + 5*q = -481, -279 = -4*a + 2*q + 643. What is the tens digit of a?
2
Let v = -4584 + 8114. Suppose 71*b - v = 66*b. What is the units digit of b?
6
Let x = 4664 - -2034. What is the tens digit of x?
9
Let l = 241 - 277. What is the hundreds digit of (10632/l)/(4/(-6))?
4
Let v(u) = 13*u - 7. Let d be v(-4). Let k = d + 474. Suppose 5*l - k = -3*n, -3*n - l + 286 = -n. What is the tens digit of n?
4
Let t be 142/8*(-3 + (-21)/(-3)). Suppose 8*l = 1015 - t. Suppose -8*f + 610 = -l. What is the tens digit of f?
9
Suppose -16*r + 13*r + 754 = 4*f, 2*r - 506 = -2*f. Suppose -2*g + 16 = 2*d - 0*d, 0 = -4*g + 3*d + 25. Suppose g*l = 4*l + r. What is the units digit of l?
6
Let c(l) = 3*l**3 - 390*l**2 + 288*l - 643. What is the ten thousands digit of c(130)?
3
Let q(m) = -868*m - 3721. What is the tens digit of q(-12)?
9
Let f = -45 + 41. Let l = f + 5. Suppose b = -5*a - l, 0 = 4*b - a - 24 - 14. What is the units digit of b?
9
Let z(x) = x**3 + 22*x**2 + 20*x - 13. Let o be z(-21). Suppose o*u = 13*u + c - 1977, -u = 2*c - 390. What is the units digit of u?
6
What is the ten thousands digit of (-36237)/(14 + 465/(-30))?
2
Let d be (-4)/(-30) + 68992/735. Suppose -x = -c - 172, -d = -x - 2*c + 93. What is the tens digit of x?
7
What is the hundreds digit of ((-1183608)/1088)/((-2)/112)?
9
Let m(j) = 3*j**3 + 10*j**2 - 5. Let t be m(-4). Let v(k) = 17*k**2 + 3*k + 2. Let x be v(3). Let c = x + t. What is the units digit of c?
7
Suppose 0 = -2*g - 3*l - 4, l = 8*g - 4*g - 20. Let d(s) be the second derivative of 9*s**3/2 + 3*s**2/2 + 6*s. What is the tens digit of d(g)?
1
What is the units digit of (-2283325)/110*(-2)/5?
3
Let y(x) = -68*x + 211. Let k be y(3). Let a(b) = 6*b + 1 - 5 + 8*b**2 - b**3 + 2 + 3. What is the tens digit of a(k)?
9
What is the thousands digit of 1/(4/23989) - (403/124 - 4)?
5
Suppose 3*j + 0*c = 2*c - 9, 6 = -2*j + c. Let p(k) = -k**3 - 2*k**2 - 1. Let l be p(j). What is the units digit of ((-3)/((-6)/l))/((-32)/(-208))?
6
Suppose -725 - 387 = 4*d. Let b = d - -1219. What is the units digit of b?
1
Let w = -57176 + 96770. What is the tens digit of w?
9
Suppose 3*d - 632160 = -77*d. What is the hundreds digit of d?
9
Let m = 1918 - -5686. What is the thousands digit of m?
7
Let h = -1676 - -999. Let w = h + 989. What is the hundreds digit of w?
3
Suppose 2*h - 508 = 4*w - 6*w, 734 = 3*w - 4*h. Suppose -l = 4*l - w. What is the units digit of l?
0
Let x be (-26)/130 - 2/(-10). Suppose 14*q + 706 = 4*m + 17*q, x = -m + q + 180. What is the units digit of m?
8
What is the tens digit of (-56)/(64/8) - -31110?
0
Suppose v - 8683 = 3*b, -310*v + 34588 = -306*v + 4*b. What is the units digit of v?
6
Let y(r) = 135*r**2 - 13*r - 48. What is the tens digit of y(-3)?
0
Let h(y) = -12*y**3 - 34*y**2 - 180*y + 35. What is the tens digit of h(-8)?
4
Suppose -o - 4*n = -59021, 0 = 199*o - 196*o - n - 177128. What is the ten thousands digit of o?
5
Let m = 8526 + -4913. What is the units digit of m?
3
Suppose 222*w - 21087 = -216*w + 429*w. What is the tens digit of w?
4
Let z(j) = -j**3 + 5*j**2 + 25*j - 8. Let f be z(8). Suppose 3*o - 407 - 371 = -4*q, f = -4*o + 8. Let g = 288 - q. What is the tens digit of g?
9
Suppose -t + 2740 = 3*n - 13453, 4*t = 5*n + 64687. What is the tens digit of t?
7
Let s(y) = -140*y - 100. Let x be s(4). Let q = 160 - x. What is the tens digit of q?
